er when 25 is divided by j.
7
Let d = -50 - -85. What is the remainder when d is divided by 12?
11
Suppose 4*g + 0*g + 3*r - 19 = 0, -4*r + 16 = 3*g. Suppose -g*h + 13 = -79. What is the remainder when h is divided by 8?
7
Suppose 10 = -5*t + 4*t + 3*m, 5*t = -2*m + 35. Suppose b + 44 = t*b. Let l(s) = 2*s**2 - 2*s + 3. Calculate the remainder when l(-4) is divided by b.
10
Suppose h - 4*h = 0. Suppose h = -a + 52 - 3. What is the remainder when a is divided by (-325)/(-20) + 6/8?
15
Let d(w) = w**2 + 9*w + 6. Let j(u) = u**3 + 6*u**2 + 3*u - 6. Let z be j(-5). Suppose -z*l + 1 = -15. What is the remainder when d(-9) is divided by l?
2
Let l = 48 + -18. What is the remainder when l is divided by 18?
12
What is the remainder when 618/11 - 4/22 is divided by 19?
18
Suppose 0 = -2*z - z - x + 97, 43 = 2*z + 5*x. What is the remainder when z is divided by 7?
6
Suppose h = -h + 276. Let z(a) = -30*a - 4. Let j be z(3). Let l = j + h. Calculate the remainder when l is divided by 15.
14
Suppose -6 = -2*d + 22. Calculate the remainder when d is divided by 3.
2
Let i(k) = k**2 + 5. Calculate the remainder when 19 is divided by i(0).
4
Let v = -1805 + 3139. Suppose -4*l = v + 922. Calculate the remainder when l/(-15) + (-2)/(-5) is divided by 13.
12
Calculate the remainder when 24 is divided by 26/(((-12)/9)/((-4)/6)).
11
Let s(v) = 2*v**3 - 4*v**2 + 3*v. What is the remainder when s(3) is divided by -1*(-4)/(-4) - (-16)/2?
6
Suppose -5*c + 6 = -4*f + 3*f, 3*c = -5*f + 82. Calculate the remainder when 55 is divided by f.
13
Suppose -2*u = -u - 27. Let j(t) = -4*t**3 - 3*t - 3. Let k be j(-2). Suppose -35 = -5*n + k. What is the remainder when u is divided by n?
13
Suppose 55 + 60 = v. What is the remainder when v is divided by 39?
37
Let d(y) = 2*y**2 + 9*y + 10. Let u(a) = a - 16. Let v be u(11). Calculate the remainder when d(v) is divided by 4.
3
Let o(r) = 32*r**2 - 3*r - 1 + 3*r. Let i(u) = u**2 + 5*u + 2. Calculate the remainder when o(1) is divided by i(-7).
15
Let l = -10 + 3. Let f = l + 9. Calculate the remainder when 4 is divided by f.
0
Suppose 4 = z, -4*k - 2*z + 268 = -412. What is the remainder when k is divided by 34?
32
Let i = 27 + 124. Calculate the remainder when i is divided by 51.
49
Suppose 0*j - j = 68. Let i = -39 - j. Suppose 0 = v - 5*v - n + 59, -3*v + 44 = n. What is the remainder when i is divided by v?
14
Suppose 2*h = -2*h - 1824. Let l = -8 - -9. Calculate the remainder when h/(-3)*l/2 is divided by 26.
24
Suppose 3*y + 0*y - 294 = -2*x, -x + 392 = 4*y. Calculate the remainder when y is divided by 20.
18
Suppose 2 = r - 12. What is the remainder when 26 is divided by r?
12
Suppose f - 4 = 2. What is the remainder when 10 is divided by f?
4
Let c(w) be the third derivative of -1/6*w**3 - 1/8*w**4 + 0*w + 0 + 2*w**2 + 1/60*w**5. What is the remainder when 16 is divided by c(5)?
7
Let a(o) = 3*o**2 - 8*o + 17. What is the remainder when 98 is divided by a(4)?
32
Let x = -14 - -45. Suppose 0 = -q + 4*q - 60. What is the remainder when x is divided by q/(-8)*(-16)/5?
7
Suppose -3*i = -s - 5*i + 1, -4*i = 8. Let h(x) = -8*x + 1. Let b(w) = -w**2 + 10*w - 1. Let q be b(10). What is the remainder when h(q) is divided by s?
4
Let u = 4 - -1. Suppose -3*x - 18 = -3*b, -5*x = -u*b - x + 31. Suppose -2*d + b*d = 235. What is the remainder when d is divided by 16?
15
Let u(m) = -m**2 + 2*m - 3. Let g be u(3). Let c be 75/18 - (-1)/g. What is the remainder when (c/10)/((-2)/(-110)) is divided by 8?
6
Let p = -12 + 24. Let j be 4 - (0 + -1) - 0. Suppose -r = -3*d - d + 96, -j*r = -4*d + 112. Calculate the remainder when d is divided by p.
11
Suppose -5*r + 78 - 43 = 0. Let l = 1 - -2. Calculate the remainder when r is divided by l.
1
Suppose -2*v = 3*v - 50. Let z = 1 + 27. Calculate the remainder when z is divided by v.
8
Let h(j) be the first derivative of j**3 - 3*j**2/2 - 2*j + 6. What is the remainder when 29 is divided by h(3)?
13
Let c(s) = 3*s**2 + 4*s - 2. Let q be c(-4). Suppose 2*z = -3*z + q. What is the remainder when (-8)/(-24) - (-94)/6 is divided by z?
4
Let a(x) = x + 7. Calculate the remainder when 18 is divided by a(4).
7
Calculate the remainder when 21 is divided by (-2)/(-2) + 3 + (-22)/(-11).
3
Let q be 5 + -2 - (1 + 0). Suppose -5*z + 2*p + 6 = -7, 0 = 2*z - 4*p - q. Calculate the remainder when 4 is divided by z.
1
Suppose -6 = -0*h - h. Let f(l) = 2*l + 34. Calculate the remainder when f(-9) is divided by h.
4
Suppose -2*v + 5*h + 2 = -1, 0 = 3*v + 4*h - 62. What is the remainder when 2/((56/108)/7) is divided by v?
13
What is the remainder when (-1 + -70)/((-2)/4*2) is divided by (-8)/12 - (-38)/3?
11
Let x(h) = h**3 - 5*h**2 + 8*h - 5. Suppose 8*n - 3*j = 3*n + 48, 5*j = 4*n - 28. What is the remainder when x(5) is divided by n?
11
Let v = -7 - -12. Let c(x) = 15*x - 12. Calculate the remainder when c(v) is divided by 16.
15
Suppose 205 = -9*z + 4*z. Let w = -29 - z. Calculate the remainder when 46 is divided by w.
10
Calculate the remainder when -3*((-2100)/72 - (-1)/2) is divided by 44.
42
Let l(d) = 3 - 7 + 12*d + 3 + 0. Calculate the remainder when l(4) is divided by 12.
11
Let o = -9 - -28. Calculate the remainder when 52 is divided by o.
14
Let n = -3 - -13. Suppose 2*q - 8 = -2*q. Calculate the remainder when ((-87)/(-6))/(1/q) is divided by n.
9
Suppose 3*y = 47 - 11. Let k = 16 + -21. Calculate the remainder when k/(-3*2/42) is divided by y.
11
Let x(g) = -3*g + 1. Let k be x(-1). Calculate the remainder when (-17)/(-1)*(k - 3) is divided by 9.
8
Let o(r) = 4*r**2 + 6*r + 4. Let z be o(-5). Suppose -z = -2*j - 18. Calculate the remainder when j is divided by (3 - 1)/(2/15).
13
Suppose 3*x - x = 54. Calculate the remainder when x is divided by 28/5*15/6.
13
Let l be 10 + 0 + -2 + 1. Let p(m) = 2*m + 2. Let q be p(l). What is the remainder when 176/10 - 12/q is divided by 6?
5
Let s = -2 - -2. Suppose 0*b + 4*b = 16. Suppose 3*l - b*l + 3 = s. What is the remainder when 5 is divided by l?
2
Let x(p) = -2*p - 9. Let r be x(-7). Let v = r - 2. What is the remainder when 32/6 - (-7)/(-21) is divided by v?
2
Suppose 5*v + 33 = 3*k, -4*v - 4*k - 23 = 29. Let c(i) = i**2 + 4*i - 3. Let d = -20 + 42. Calculate the remainder when c(v) is divided by d.
20
Let b = 61 - 33. Suppose 2*n - 2*k - b = 0, 3*k + 0*k + 15 = 0. What is the remainder when 35 is divided by n?
8
Suppose -48 = 96*s - 99*s. What is the remainder when s is divided by 6?
4
Suppose -3*t + 16 + 26 = 0. Calculate the remainder when t is divided by 5.
4
Let p = 76 - 58. What is the remainder when 124 is divided by p?
16
Calculate the remainder when 38 is divided by 14/((3/(-2))/(3/(-4))).
3
Let z(u) = 3*u**2 - 2*u + 1. What is the remainder when z(-4) is divided by 15?
12
Let t(z) = -z + 12. Let c be t(9). Suppose 15 = 4*w + c. Suppose -2*h = -4*h - 3*f + 32, 0 = w*f. What is the remainder when 46 is divided by h?
14
Suppose 0 = -6*q + 546 + 252. Calculate the remainder when q is divided by 27.
25
Let j be 110/(-4) - (-3)/6. Let v = -13 - j. Calculate the remainder when (-136)/(-5) - 1/5 is divided by v.
13
Let k(w) = -w**2 + 23*w - 76. Let q(t) = -2*t**3 + t**2 - 2*t - 2. Calculate the remainder when q(-3) is divided by k(18).
11
Let f(l) = 3*l**2. Let b = -10 - -9. Let i be f(b). Suppose 0 = -3*j + 6 + i. Calculate the remainder when j is divided by 1.
0
Let s(i) = i - 17. Let h = 0 + 3. What is the remainder when s(22) is divided by h?
2
Let y(j) = 2*j - 10. Let d be y(7). Let i be (-16)/(-20)*50/d. Suppose -q + i = -5. What is the remainder when 44 is divided by q?
14
Suppose m + 0 - 22 = 0. Calculate the remainder when 153 is divided by m.
21
Suppose -7*m = -62 - 190. What is the remainder when 139 is divided by m?
31
Let f = 19 + -15. Suppose -2*o + 18 = f*o. Suppose 3*d - 21 = -3. Calculate the remainder when d is divided by o.
0
Let i(p) = p**3 - 8*p**2 + 6*p + 7. Let o be (5/(-3) + 3)*6. Suppose 5*t = -n + 32 - 8, t + 56 = 3*n. Calculate the remainder when i(o) is divided by n.
17
Let d(y) = y**3 + 3*y**2 - 5*y - 2. Calculate the remainder when (2 - (-86)/(-5))/((-6)/15) is divided by d(-3).
12
Let j(v) = 3*v + 29. What is the remainder when j(-3) is divided by 8?
4
Let t(u) be the third derivative of -5*u**4/8 - 7*u**2. What is the r